s) be the third derivative of s**5/60 + s**3/6 + s**2. Determine k(z).
2
Let z(c) = c**3 + 5*c**2 + 5*c - 2. Let u(b) = -b**3 - 4*b**2 - b - 1. Let w be u(-3). Let d be w + (0 - (-2 - -1)). Let q = 2 + d. What is z(q)?
-6
Let r(t) = t + 1. Let u(b) = b**2 + 1. Let a be u(0). Suppose -3*x = x + 16. Let v = x + a. Calculate r(v).
-2
Let m(l) be the first derivative of l**3 + l**2 + l + 1. Let r(s) = -7*s**2 - 3*s - 3. Let u(o) = 5*m(o) + 2*r(o). Determine u(-5).
4
Let w(v) = -56*v - 21. Let u(r) = -11*r - 4. Let d(i) = -21*u(i) + 4*w(i). What is d(1)?
7
Let y(a) = -5*a + 1. Let p(r) = r - 1. Let n(x) = -4*p(x) - y(x). What is n(-6)?
-3
Let c be 2/(-4)*-2*-1. Let o = 2 + c. Let n(b) be the third derivative of -b**4/24 + b**3/6 + b**2. What is n(o)?
0
Let j(x) = x**3 + 6*x**2 + 6*x - 2. Let r be j(-5). Let k = 6 + r. Let z be (-2 + (0 - k))*-1. Let u(b) = 6*b + 1. What is u(z)?
7
Let l(z) = -5*z. Let r be -3 - (3 - (1 - -1)). Let y = -2 - r. Suppose y*g + 3 = 5*g. Calculate l(g).
-5
Let t be 0/(-1) - 1/(-1). Let n be (t/(1 - 0))/(-1). Let u(r) be the first derivative of 3*r**4/2 - r**3/3 + r - 15. Give u(n).
-6
Suppose 0*y + 10 = -2*y. Let k(i) be the first derivative of i**3/3 + 2*i**2 - 3*i + 1. Calculate k(y).
2
Let w(h) = h**2 - 14 + 6 - 2*h**2. Suppose 0 = 28*p - 14*p. What is w(p)?
-8
Let q(j) = 24*j**2 - 2*j - 3 - 23*j**2 + 3. What is q(4)?
8
Let f(r) = r**2 + r - 2. Let o be 2/(-2) - (-3 + 0). Let k be 1/(-2) + 2/4. Suppose o*n - 7 + 3 = k. Give f(n).
4
Let h(x) = 18*x - 2 + 6 - 15*x. Determine h(-3).
-5
Suppose 5*a + 2*d + 9 = -9, 0 = d - 1. Let c(p) = -p**3 - 4*p**2 - 5*p + 1. What is c(a)?
21
Let y(m) = -m**2 + 7*m - 4. Let g(r) = 2*r**2 - 20*r + 6. Let j be g(10). What is y(j)?
2
Suppose 0*v + 2*v + 8 = 0. Let m(l) = l + 2. Determine m(v).
-2
Let f(s) = s - 1 + 1. Let l be f(1). Let r(w) = -2*w - 1 + w**2 + 0*w**2 + 2*w. Determine r(l).
0
Let b(f) be the third derivative of -f**6/120 - f**5/12 - f**3 + f**2 - 12*f. Calculate b(-5).
-6
Let w(u) = -4*u**2 - 4. Let z(r) = -9*r**2 - 7. Let p(l) = 7*w(l) - 3*z(l). Suppose 4*m = 2*m. Suppose 0*d - d = m. What is p(d)?
-7
Let p(f) = -10*f**2. Let h(a) = 3*a - 11. Let k be h(4). What is p(k)?
-10
Let x(j) = j**2 + 4*j + 3. Let l(o) = -o**2 - 4*o + 7. Let v be l(-6). Calculate x(v).
8
Let f(m) be the first derivative of -5*m**4/4 - m**3/3 + m**2/2 + 9. What is f(1)?
-5
Suppose -3*g - 24 + 21 = 0. Let l(j) = -j**2 - j. Calculate l(g).
0
Let w(s) = -4*s**2 - 2*s**2 - 5*s + 2 + s**3 - 7 - s. Let p be w(7). Let a(k) = 2*k**p + k**2 - 2 + k - 2*k**2. Determine a(2).
4
Let g(y) = y**2 - y - 5. Let x be g(0). Let s(t) = -4*t**2 + 7 - 2*t - t**3 + 8*t - 4*t + 3*t. Calculate s(x).
7
Let q(p) be the second derivative of -7*p**4/12 + p**3/6 - p**2/2 - 5*p. Calculate q(1).
-7
Let h be 5 + 7/(28/(-16)). Let w(i) = -104*i**2 + 4*i**3 - h + 104*i**2. Calculate w(-1).
-5
Let q = -8 + 11. Let i be 0/(q + -1) + 2. Let u(r) = r - 2 - 2*r**2 + 0*r + i - 1. Determine u(-2).
-11
Suppose 0*u = -7*u + u. Let v(z) = z**3 - z**2. Give v(u).
0
Let c be ((-3)/2)/((-2)/(-4)). Let t(n) = -4. Let p(q) = 6*q - 6. Let m(j) = p(j) - 2*t(j). Determine m(c).
-16
Let p(n) = -3*n - 4. Suppose -3*v = 16 - 7. Determine p(v).
5
Let d(g) = -g - 3. Let x be d(-8). Let o(a) = -a + x*a - 4*a - 5*a. Calculate o(-1).
5
Suppose 2*h - 15 = 3*t, 0 = -5*h - 0*t - 2*t + 28. Let w(l) = 4 - l**2 + 1 + h*l - 6. Give w(4).
7
Suppose 3*m + 193 - 166 = 0. Let p(u) = u**3 + 9*u**2 - 2*u - 1. Determine p(m).
17
Let b(j) = -j**2 + 5*j. Suppose -3*a + 4 = 3*l - 5, -2*a + 4 = 3*l. Determine b(a).
0
Let b(n) = 5*n - 5. Let z(j) = 5*j - 4. Let l(s) = 2*b(s) - 3*z(s). What is l(-2)?
12
Suppose 0*q - 4*q = -16. Let i(x) = 3*x + x**2 - 2 - 3*x**2 + q. Give i(3).
-7
Let k = -15 + 20. Let y(w) = -w**3 + 5*w**2 - w + 3. Give y(k).
-2
Let y(x) = 3*x**3 - x**2 + x + 12. Let o(j) = j**3 - j**2 + 4. Let a(t) = 7*o(t) - 2*y(t). Determine a(4).
-20
Let q(y) = 9*y + 5*y - 14*y + 7 - y. Calculate q(6).
1
Let n(k) = k**3 - 6*k**2 - 6*k - 4. Suppose -2*b + 25 = b + 4*r, -3*b + 22 = r. Let c be n(b). Let h(l) = 5*l**2 - 4 - 5*l - c - 4*l**2. Determine h(5).
-7
Let p(i) = -i. Let r be ((-14)/(-21))/((-2)/15). Calculate p(r).
5
Let z(p) = p**3 + 4*p**2 - 6*p - 4. Let a(i) = i**3 - i. Let l(f) = 2*a(f) - z(f). Calculate l(4).
20
Let g be 1/(0 - 3/45). Let u = -1 + -1. Let a be g*u*(-1)/(-6). Let f(k) = -k**2 + 7*k - 7. Determine f(a).
3
Let i(u) = -9*u - 1. Suppose -29 = -5*g - 3*z - 5, g - 2 = -2*z. Suppose 0 = -4*o + g*o + 2. Calculate i(o).
8
Let o(r) = 2*r - 12. Suppose -4*a + 4 + 28 = 0. Let g be o(a). Let x(j) = g + 7 - 3 + j. What is x(-5)?
3
Let d(j) = -j**3 - 9*j**2 + 6. Let v = -36 + 27. Determine d(v).
6
Let s = -45 + 51. Let t(g) = g**3 - 5*g**2 - 7*g - 1. Calculate t(s).
-7
Suppose 0*r = -4*r + 8. Suppose -2*o + 4*f + 2 = 0, 0 = -r*o - 0*o + f - 4. Let u(k) = k + 1. Determine u(o).
-2
Suppose j = 2 - 1. Suppose -j = 2*o + 1. Let f = 1 - o. Let c(v) = 3*v - 3. Determine c(f).
3
Let d(q) = 3*q - 6*q + 1 - 6*q**3 + q**2 + 2*q. Let w(f) = -3*f + 2*f**2 + 0*f**2 + 3 + 6*f - 3*f**2 - f**3. Let m be w(-2). Give d(m).
-5
Let t be -1 + 1 + (7 - 2). Suppose t*s - n = 4 + 2, -5*n - 9 = -4*s. Let c be s*(-3)/(9/6). Let o(u) = -3*u + 1. Give o(c).
7
Let k = -7 - -3. Let d be (k + 1)/(-3)*1. Let z(t) = -t**3 + d - 4*t**3 + 9 + 4*t**3 + t**2. Give z(0).
10
Suppose -r + 8 = 2*y, 3*y + 2*r - r = 14. Let n(v) = -v**2 + 7*v - 5. What is n(y)?
1
Let h(q) = -11*q**3 + 4*q**2 + q - 6. Let d(r) = 8*r**3 - 3*r**2 - r + 4. Let f(s) = -7*d(s) - 5*h(s). Give f(3).
-10
Suppose j - 5*j - 4 = 0. Let n be -3*(6/9 - j). Let o(m) = m + 3. Calculate o(n).
-2
Let t(f) = 11*f - 10*f + 5 + 3. Give t(0).
8
Let w(z) = -z**2 - 2*z + 5*z + 3*z + 3 + 8*z. Let h be w(14). Let l(c) = -c**3 + 3*c**2 - 1. What is l(h)?
-1
Let z(o) = o**3 + o**2 + 13. Let k be -2 + -13 + 16 + 0 + -1. What is z(k)?
13
Let h be 15/(-25) - 4/10. Let l(v) = 6*v**2 + 1. Give l(h).
7
Let t(a) = a**2 + 3*a. Let c be (2/6 + 0)*-9. Determine t(c).
0
Let v(u) = 2*u**2 - 3*u - 3. Let r(s) = -2*s**2 + 3*s + 3. Let y(i) = -2*r(i) - 3*v(i). Let j be (6/(-9))/((-2)/(-6)). Calculate y(j).
-11
Let n(k) be the first derivative of -5*k**2/2 - k - 60. What is n(-6)?
29
Let v(o) = o**2 + 3*o - 5. Let g be v(-5). Suppose 24 = -g*i + 4. Let a(w) = w + 9. Let u(l) = l + 8. Let k(z) = -3*a(z) + 4*u(z). What is k(i)?
1
Let r(d) = -d**2 + 3*d - 2. Let j(u) = -5*u**3 - 2*u**2 + 1. Let k be j(-1). Give r(k).
-6
Let a(f) be the first derivative of -f + f**2 - 1/10*f**5 + 4 - 1/3*f**4 - 1/3*f**3. Let o(l) be the first derivative of a(l). Determine o(-2).
6
Suppose -5*m = -2*h - 2 - 1, -h - 8 = 4*m. Let v(l) = 2*l**3 + l**2. Give v(m).
-1
Let v(y) be the third derivative of y**5/60 + y**4/24 + y**3/6 - 5*y**2. What is v(-3)?
7
Let y(w) = 4*w - 2. Let o(k) = -5*k + 3. Let z(d) = -3*o(d) - 4*y(d). What is z(0)?
-1
Suppose -3*z - 5*y = -3*y + 4, -14 = 3*z + 4*y. Let f(l) = l**z - 1 - 6*l + 9*l - 7*l. Let q = 2 - -1. What is f(q)?
-4
Let u(f) = 3*f + 3. Let p(m) = 3*m + 3. Let n(c) = 5*p(c) - 4*u(c). Let t be n(-2). Let q(r) = 2*r + 4. Give q(t).
-2
Let g(v) = -4*v**3 + 7*v**2 + v + 5. Let n(a) = a**3 - a**2 - 1. Let r(o) = -2*g(o) - 10*n(o). Give r(-2).
4
Let n(v) = v**2 - v - 1. Let a(f) = -f + 5. Let h be a(5). Let m be ((-10)/(-4))/5*4. Let w = h - m. What is n(w)?
5
Suppose 4 = 3*g - g. Let j(q) = 1. Let t(f) = f**2 - 4*f + 1. Let c be t(4). Let v(p) = p + 5. Let i(y) = c*v(y) - 6*j(y). What is i(g)?
1
Suppose 7 = -i + 2*i - d, 5*i - d - 19 = 0. Suppose -i = -4*u + u. Let c(x) be the third derivative of -x**6/24 - x**5/60 - 3*x**2. Give c(u).
-6
Let j(f) be the second derivative of -f**6/360 - 5*f**4/12 + 5*f. Let p(q) be the third derivative of j(q). Determine p(-5).
10
Let p(i) be the second derivative of i**3/2 - i**2 + 3*i. Calculate p(-2).
-8
Let c(n) be the second derivative of n**3/6 - 6*n. What is c(2)?
2
Let a(l) be the third derivative of -l**5/120 + l**4/12 - l**3/3 - l**2. Let u(v) be the first derivative of a(v). Determine u(3).
-1
Suppose -4*b - 11 = 13. Let i(p) = p**2 + 2*p + 2. Let o be i(-2). Let d(z) = 4 - z**3 + o*z - 6*z**2 - 6 - 2*z - z. Give d(b).
4
Suppose 0*k - k - 3*f = 13, -f = -2*k - 12. Let m(c) = -c**2 - 3*c + 13. Let j(p) 